. Give p(-1).
28
Let n(x) = -x**3 - 14*x**2 + 17*x + 11. Suppose -3*p = 0, -f - p - 3 = 12. Determine n(f).
-19
Suppose -26*o + 350 = -21*o. Suppose -11*x + o = -25*x. Let w(n) be the third derivative of -n**6/120 - n**5/10 - n**4/8 - n**3/3 - 2*n**2. Determine w(x).
-12
Let r(s) = -s - 9. Let z be (-1*(-3)/(-3))/1 + 5. Suppose -3*p + 0*p - 4*t = 52, 0 = z*p - 3*t + 36. Determine r(p).
3
Let r(h) be the first derivative of -h**4/4 + h**2/2 + 6*h + 1. Let j = -7 + 11. Suppose -3*l - l + 15 = 5*p, 2*l + 12 = j*p. Determine r(l).
6
Let t be (28/98 + 12/7)*-4. Let k(r) = 8*r + 45. Determine k(t).
-19
Let s(f) = -f**2 + 11*f - 11. Let m = 76 - -99. Let t = m + -165. Give s(t).
-1
Let a(z) = z**2 + 35*z + 215. Suppose 6*n - 2*o = -54, 4*o = 24*n - 22*n + 28. Determine a(n).
-1
Let p(q) = q**2 + 8*q + 27. Let w = -9471 + 9467. Calculate p(w).
11
Let j(u) = -2*u + 3. Suppose 0*s - 24 = -4*s. Let o be (-118)/4 - 5/10. Let y be (2/s)/(5 + 145/o). Determine j(y).
-1
Suppose -3*n = -2*u - 9, -5*n + 15 = 4*u + 22. Let r(j) = -1317*j + 1 - 4 + 1322*j - n. Determine r(-3).
-19
Let p(a) = -a + 1. Let z(s) = 2*s - 4. Let v(g) = 6*p(g) + z(g). Let q(w) = -2459*w - 24585. Let y be q(-10). Calculate v(y).
-18
Let h(i) = i**3 - i**2 + 2*i - 1. Let k(j) = 21*j**2 - 21*j + 39. Let g(y) = h(y) - k(y). Calculate g(21).
2
Let j(m) = -m**3 + 17*m**2 - 15*m + 4. Let y be (-370)/(-23) + (255/(-23) - -11). Determine j(y).
20
Let f(v) be the third derivative of v**7/2520 - v**6/80 + 13*v**5/120 + v**4/3 - 2*v**3/3 - 27*v**2. Let h(i) be the second derivative of f(i). Give h(6).
-5
Suppose 8 = 2*k - 2. Let m(t) = -t**3 + 6*t**2 - 6*t - 1. Let l be m(k). Let w(r) = 9*r + 1. Let u(f) = f - 1. Let n(j) = -6*u(j) + w(j). What is n(l)?
-11
Suppose 34 = 6*p - 62. Suppose z + q = p, 3*q + 1 = 10. Let l(y) = -y**2 + 12*y + 10. Calculate l(z).
-3
Let i(a) = 4*a + 2. Let t(s) = -4*s - 3. Let j(b) = 6*i(b) + 5*t(b). Let k = -55 + 87. Suppose -37*g - 30 = -k*g. Give j(g).
-27
Let c(b) be the first derivative of 11*b + 47 - 1/3*b**3 + 0*b**2. Determine c(0).
11
Let b(n) = -4*n + 4. Suppose 5*v + 4 = -6. Let o be (-10*v/24)/(11/66). Determine b(o).
-16
Let z(q) = q**3 + 144*q + 2*q**2 - 131 + 128 - 296*q + 150*q. Let d be 2/(-8) - (-44)/(-16). Give z(d).
-6
Let j(a) = -a**3 + 10*a**2 + 38*a - 31. Let c be j(13). Let s = 37 + c. Let o(d) = d**3 + 7*d**2 - 3*d - 8. Calculate o(s).
13
Let t(j) = -4 + 6*j - 24*j + 11*j + j. Determine t(4).
-28
Let o(w) be the first derivative of w**2/2 + 8*w - 13087. Give o(-11).
-3
Let h = -835 - -827. Let n(a) = -5*a - 7. What is n(h)?
33
Let w(x) be the first derivative of 2*x**2 - 9*x - 913. Let h = -4 - -10. Give w(h).
15
Let j(z) be the second derivative of -z**4/3 - 83*z**3/6 - 59*z**2/2 - 3*z - 25. Give j(-20).
1
Let l(h) = -h**2 + 7*h - 3. Let n(r) = 3*r**2 + 115*r + 46. Let d be n(-38). What is l(d)?
-11
Let c(l) be the first derivative of -2*l**3/3 - 41*l**2/2 + 51*l + 4682. Determine c(-22).
-15
Suppose -2*c + 365 = -5*m + 4*m, -4*c - 3*m = -745. Let f = c - 186. Let w(i) = -15 - 4*i - 2*i + 16. What is w(f)?
13
Let t(q) = 4*q**2 + 130*q + 640. Let s be t(-6). Let c(n) = 8*n - 1. Determine c(s).
31
Let v(s) = 73*s + 406. Let h(z) = -112*z - 607. Let t(n) = -5*h(n) - 8*v(n). Determine t(-9).
3
Let v(p) = 130*p**3 - 4 - 3 - 66*p**3 + 19*p**2 - 65*p**3 + 43*p. Give v(21).
14
Let p(z) = -z**3 - 7*z**2 - 5*z - 1. Suppose -b + 221 = 4*b - 4*y, 3*b - 2*y - 133 = 0. Let i be 64/(-10) + 1/(b/18). Give p(i).
-7
Let i be (1/(-1)*(-7 + (3 - -7)))/3. Let r(c) = 7*c**2 - 11*c - 12. What is r(i)?
6
Let a(u) = 11*u - 3. Let i(x) be the first derivative of -49*x**2/2 + 12*x - 153. Let n(o) = 9*a(o) + 2*i(o). Give n(12).
9
Let m(z) = -12*z**2 - 4*z - 1. Suppose 28 = 15*h - 21*h - 4*o, 5*o + 26 = -3*h. Determine m(h).
-41
Let m be (-10 - -9)*-150*(-4)/(-10). Let d be (-10)/(-4)*(-6)/m*8. Let u(b) = 12*b + 1. What is u(d)?
-23
Suppose -144*x - 98 = -137*x. Let m be (-1372)/(-392)*(24/x)/(-2). Let u(z) = -2*z - 4. What is u(m)?
-10
Suppose -27 - 180 = -22*k + 35. Let u(b) = -b**3 + 12*b**2 - 20*b - 11. Calculate u(k).
-110
Let z(t) be the first derivative of 15*t**2/2 - 3*t + 39775. Let n(q) = q**2 + q - 3. Let m be n(0). Let o be ((-4)/m)/(2/3). Give z(o).
27
Suppose 0 = -5*l + 3*b + 61 - 25, -4*l + 26 = -2*b. Let k(p) be the first derivative of -2*p - 2/3*p**l - 5/2*p**2 + 18. Give k(-3).
-5
Let n(q) be the first derivative of -q**3/3 + 2*q**2 + 11*q - 1955. What is n(-3)?
-10
Let s(h) = 3*h**2 + 12*h + 6. Suppose f = -4*n + 11 - 22, -f = -n - 9. Calculate s(n).
6
Let z(q) = -25*q + 67. Suppose 105*x - 219*x + 94*x = -80. Determine z(x).
-33
Let k(s) = -2*s + 6. Suppose 7*q - 96 = -17*q. Suppose 3*x = -2*z + q*x + 9, 4*x = -4. What is k(z)?
-2
Let v(m) = -2*m**2 + 59*m - 13. Let n = -13941 - -13970. Give v(n).
16
Let d(k) = 0*k + 0*k - k - 2 + 2*k. Suppose -2*w - 3 + 11 = 0. Suppose -w*m - 26 + 14 = 0. Determine d(m).
-5
Let z(r) = -14*r - 7. Let d(f) = 19*f + 2. Let s(o) = 2*o - 1. Let v(x) = d(x) - 3*s(x). Let h(c) = 4*v(c) + 3*z(c). Determine h(2).
19
Let m(w) = 9*w**2 + 5*w + 51*w - 5*w**2 - 5 - 18*w**2 - 13*w**2 + 2*w**3. Determine m(11).
6
Let w(o) be the first derivative of -4*o**3/3 + 15*o**2 - 19*o - 91. Let c be w(7). Let h(s) = -s**3 - 3*s**2 + 7*s. Calculate h(c).
15
Let p(a) be the second derivative of a**3/3 - 21*a**2/2 - 147*a. What is p(8)?
-5
Let t(u) = -264*u**2 - u - u**3 + 15 + 272*u**2 + 3. Let z(s) = 2*s**2 - 12*s - 6. Let p be z(7). Calculate t(p).
10
Let z = -11067 + 11061. Let w(j) = -j - 29. What is w(z)?
-23
Suppose -63*m = -2*w - 62*m + 766, 5*w + 5*m - 1900 = 0. Let k = 386 - w. Let b(p) be the first derivative of -p**4/4 + 4*p**3/3 + p**2/2 - 1. What is b(k)?
4
Let c(o) = 4*o - 30. Let k(x) = 8*x**2 + 221*x + 121. Let a be k(-27). Calculate c(a).
-86
Suppose 68 = -5*f + 23. Let x(k) be the third derivative of k**4/24 + 2*k**3 + 5*k**2 - 66*k - 3. What is x(f)?
3
Let v be 2 + (-1 - (-6 + 12)) + 7. Suppose -2*f + 4*x = 2, -21 = -3*f - v*x - 8. Let o(b) = 2*b - 8. Calculate o(f).
-2
Let y(l) be the third derivative of 1/6*l**4 - 1/60*l**5 + 0*l**3 + 6*l - 5*l**2 + 0. Calculate y(4).
0
Let o(z) = -3*z - 1. Let d(r) = 13*r - 9. Let a(l) = -6*l**2 - 74*l - 23. Let j be a(-12). Let f(u) = j*d(u) + 5*o(u). Calculate f(-11).
8
Let f(t) = -31767*t**3 + 4*t**2 + 63511*t**3 + 6 + 2*t + 1 - 31745*t**3. Let z(p) = p + 1. Let s be z(4). What is f(s)?
-8
Let u(t) = -9*t**3 + 11*t**2 + 5*t. Let z be (5*(-14)/(-15))/(4/(-6)). Let l(x) = -5*x**3 + 6*x**2 + 3*x. Let a(s) = z*l(s) + 4*u(s). Calculate a(3).
-12
Let u(o) = o + 2. Suppose 10*a - 6*a = 16. Suppose -3*h = -2*f + 2*h + 35, -12 = a*h. Let g be 2 + 12/(-5) + 74/f. Give u(g).
9
Let j(s) = -7*s + 7. Let i = 68 - 64. Let z(d) = 5*d - 6. Let f(t) = i*j(t) + 5*z(t). Calculate f(3).
-11
Let d(z) = z**3 + 7*z**2 + 4*z + 7. Let h be d(-6). Let p be (-6)/(-8)*8/2. Suppose -7 + h = -p*x. Let y(v) = 2*v**2 + 5*v - 2. What is y(x)?
10
Suppose -2*o + 3*z = 1440, -o = -5*o - 2*z - 2848. Let q be 1*(-2)/(-10) - o/105. Let r(w) = -3*w + 6*w - w**2 - q*w + 3. Calculate r(-4).
3
Let n be 245/85 - 4/(-34). Let y(d) = 4*d**2 - 16*d + 10. Determine y(n).
-2
Let r(j) = -15*j - 3. Suppose 8*d = -4*f + 4, 4*d = -7*f + 3*f. Calculate r(d).
-18
Let q(s) = 107*s - 49. Let n(d) = -123*d + 51. Let t(g) = 6*n(g) + 7*q(g). Give t(4).
7
Let t = 2 - 0. Suppose h + t*h = -18. Let i(m) = 9*m**2 - 39*m**3 + m - 3*m**2 + 28*m**3 + 2 + 12*m**3. Determine i(h).
-4
Let i(l) = 2*l**3 - 4*l**2 - 2. Suppose 0 = 19*h - 15*h + 4, 0 = -r - 4*h - 3. Let g be 1/(5/15*r). Determine i(g).
16
Suppose 5*y - 3*t = -5, -2*t + 20 = 14*y - 9*y. Let l be (((-6)/(-5))/(9/225))/y. Suppose 9*j + l = 14*j. Let o(g) = 2*g**2 - 3*g + 1. What is o(j)?
10
Let l(d) be the second derivative of -14*d - 5/24*d**6 + 1/60*d**5 + 6*d**2 + 1/24*d**4 - 1/6*d**3 + 0. Let i(x) be the first derivative of l(x). Give i(1).
-24
Let j = 18360 + -18374. Let z(p) = p**2 + 16*p + 11. What is z(j)?
-17
Let m(r) = -2*r**2 - 11*r + 6. Let v(h) = h**2 + 5*h. Let x be v(-2). Let i be m(x). Let l(a) = -a**2 - a + 7. What is l(i)?
7
Let q(z) = -2*z - 227 + 116 + 110 - z**3 - 2*z. Let d(u) = 2*u**3 + u**2 + 7*u + 3. Let g(i) = 4*d(i) + 7*q(i). Suppose -4*r = 13 + 3. What is g(r)?
5
L